t is 12 + -12001020?
-12001001
In base 10, what is 5 - 109535?
-109530
In base 11, what is 34 - -19a?
223
In base 10, what is -96626 - -15?
-96611
In base 2, what is -10001111101001101010 + 1?
-10001111101001101001
In base 10, what is 14 - -1560?
1574
In base 4, what is -2 - -122211300?
122211232
In base 6, what is 2 + -33045?
-33043
In base 16, what is 65 + -5?
60
In base 8, what is -22571 - 0?
-22571
In base 14, what is -4 - 16db67?
-16db6b
In base 8, what is -425 - -252?
-153
In base 16, what is -159eb8 + 1?
-159eb7
In base 15, what is 552 + -225?
32c
In base 7, what is -12332 - 65?
-12430
In base 7, what is 3626 + 212?
4141
In base 7, what is -5243 - -1020?
-4223
In base 8, what is -11717 - 0?
-11717
In base 3, what is -12 - -2102010?
2101221
In base 6, what is -533 + 104?
-425
In base 14, what is 16 - 2bb7?
-2ba1
In base 7, what is -1250 - 331?
-1611
In base 11, what is -4 - -248110?
248107
In base 7, what is 1 + 260240?
260241
In base 12, what is -5 - -9929b?
99296
In base 13, what is -4 + -a2ac?
-a2b3
In base 8, what is 126 - -33631?
33757
In base 3, what is 11 + 1011222012?
1011222100
In base 16, what is -86 + -eb?
-171
In base 6, what is -14 + 22221?
22203
In base 10, what is -2889 + -1240?
-4129
In base 11, what is 6 + -5476?
-5470
In base 16, what is 1b8748 + -4?
1b8744
In base 2, what is -11010 + 11011?
1
In base 5, what is -233 + 2330441?
2330203
In base 15, what is 1d - -1b55e?
1b57c
In base 11, what is -44900 + -2?
-44902
In base 8, what is 130631 - -3?
130634
In base 12, what is 3 + 15b211?
15b214
In base 11, what is 2454 - -5?
2459
In base 3, what is 10010 - 20001?
-2221
In base 6, what is -3150 + -52?
-3242
In base 9, what is -53380 + 5?
-53374
In base 4, what is -111201 - 213?
-112020
In base 13, what is -3 + 4a97a?
4a977
In base 2, what is -10100 - -100001100110010111?
100001100110000011
In base 16, what is -1a - -e4?
ca
In base 4, what is 1 - 20011110?
-20011103
In base 8, what is 567555 + -1?
567554
In base 15, what is 1d - -474c?
476a
In base 11, what is -90 + 289?
1a9
In base 13, what is 11441 - -12?
11453
In base 9, what is 345 + -7102?
-6646
In base 2, what is -1010010010010 - -1101?
-1010010000101
In base 10, what is -15 - 776?
-791
In base 8, what is -61121 - -4?
-61115
In base 11, what is 400 + -761?
-361
In base 4, what is 2 - -2213020?
2213022
In base 13, what is -3cb93 - 0?
-3cb93
In base 5, what is -23 + 33411?
33333
In base 14, what is -5d5 - -913?
31c
In base 10, what is 24377 + -102?
24275
In base 2, what is -11000101 - 100010111?
-111011100
In base 3, what is -1120110 - 102121?
-2000001
In base 14, what is -7c7a8a + -5?
-7c7a91
In base 8, what is 16612 + 5?
16617
In base 8, what is 414 - -10612?
11226
In base 12, what is -2 - -35bb1?
35bab
In base 6, what is -341 + -104?
-445
In base 14, what is -d21 - 11?
-d32
In base 6, what is -1 + 31514130?
31514125
In base 7, what is 113 - -241424?
241540
In base 4, what is -10031 + -33?
-10130
In base 11, what is 4 + 14a298?
14a2a1
In base 3, what is 1010112101 + 12?
1010112120
In base 10, what is 117 - -14?
131
In base 10, what is 1411 - -394?
1805
In base 13, what is -649 + -31?
-67a
In base 12, what is 14818a + 2?
148190
In base 9, what is 2232 + 1157?
3400
In base 8, what is -7 + 1010145?
1010136
In base 14, what is -6 + b27?
b21
In base 8, what is 3 - 62553?
-62550
In base 14, what is -13c + 845?
707
In base 8, what is -1 - -2072?
2071
In base 5, what is 10240434 + 0?
10240434
In base 8, what is -24213 + -30?
-24243
In base 9, what is -51425 + -1?
-51426
In base 15, what is 46 - a2?
-5b
In base 8, what is -2 - -4535?
4533
In base 13, what is 94812 - 5?
9480a
In base 12, what is b8775 + 1?
b8776
In base 9, what is -15 - 38337?
-38353
In base 11, what is 1685 + 425?
1aaa
In base 8, what is 202 + -33153?
-32751
In base 4, what is -221303 + 3010?
-212233
In base 10, what is 858 + 3?
861
In base 10, what is -99975 - 5?
-99980
In base 11, what is -122 + 577?
455
In base 10, what is 7 - 15645?
-15638
In base 15, what is -2c88b + -c?
-2c898
In base 13, what is -c27 + -2c8?
-1222
In base 4, what is 203013 - -200?
203213
In base 2, what is 101010011 - -10011000?
111101011
In base 6, what is -5 - 132324?
-132333
In base 10, what is 5746 + 3?
5749
In base 6, what is -1445 + -1222?
-3111
In base 10, what is -12 - 32778?
-32790
In base 11, what is 153995 - 5?
153990
In base 12, what is -8a5 + -9?
-8b2
In base 11, what is -535 + 196?
-34a
In base 3, what is 11200 - -1001?
12201
In base 7, what is -6 - -1121543?
1121534
In base 11, what is -53 - -2953?
2900
In base 10, what is -6 - -1705?
1699
In base 10, what is 29 - -862?
891
In base 15, what is c + 94b6?
94c3
In base 11, what is 5 - -142a1?
142a6
In base 6, what is 5 + 20001331?
20001340
In base 4, what is 12113221 - -3?
12113230
In base 16, what is d50a - 1f?
d4eb
In base 7, what is 1362 + -210?
1152
In base 3, what is -120210000 - -22210?
-120110020
In base 6, what is -3454013 - 1?
-3454014
In base 14, what is 16 - -4c4?
4da
In base 4, what is 10013030312 + -3?
10013030303
In base 7, what is -5 + 12106505?
12106500
In base 6, what is -2542 + 2244?
-254
In base 6, what is -1141445 + 0?
-1141445
In base 16, what is 558 - 13?
545
In base 16, what is -c952 + 11?
-c941
In base 2, what is -10010001110000 - 100010?
-10010010010010
In base 8, what is -1573717 + 4?
-1573713
In base 2, what is 1001010 - -100000000010?
100001001100
In base 14, what is -2773 - 75?
-2808
In base 7, what is 554 + -13160?
-12303
In base 6, what is 442 - -15?
501
In base 6, what is -1455 - -124?
-1331
In base 11, what is -2158 - -a2?
-2066
In base 2, what is 100101111 - -1000?
100110111
In base 12, what is -1 - 5a374?
-5a375
In base 16, what is 121 + -125?
-4
In base 7, what is 15405254 + 3?
15405260
In base 2, what is -100 + -111001100001000101111?
-111001100001000110011
In base 10, what is 66698 - -4?
66702
In base 12, what is 32040 - 6?
32036
In base 7, what is -2625 + -6?
-2634
In base 7, what is 3 - 462131?
-462125
In base 7, what is 4 + -6445003?
-6444666
In base 15, what is 8664 + 1?
8665
In base 4, what is 1113312300 + -10?
1113312230
In base 13, what is 12416a + 5?
124172
In base 14, what is -1c9 - 65?
-250
In base 4, what is 2120003003 - -2?
2120003011
In base 12, what is -383a + -18?
-3856
In base 5, what is 13 - 1003444?
-1003431
In base 8, what is 36 - -11?
47
In base 11, what is -86025 + -2?
-86027
In base 2, what is -11111 - -10100110001?
10100010010
In base 4, what is 1231123033 + 0?
1231123033
In base 10, what is 154 + 21?
175
In base 9, what is 67 + -213?
-135
In base 2, what is -10 + -1101010011011001?
-1101010011011011
In base 5, what is -3 - 44101?
-44104
In base 12, what is 8aaa - -9b?
8b89
In base 5, what is 0 - -2310412?
2310412
In base 7, what is -12132 - 55?
-12220
In base 3, what is -122 + -201121211?
-201122110
In base 10, what is -122 - 164?
-286
In base 2, what is 1101 - -111110001100?
111110011001
In base 13, what is -28 - -27ca?
27a2
In base 7, what is 22 + 15000?
15022
In base 3, what is -12220 - -101211010?
101121020
In base 9, what is -4 + 2405?
2401
In base 5, what is -2203244 - -4?
-2203240
In base 13, what is -8 - 1ba214?
-1ba21c
In base 11, what is 11 - 22891?
-22880
In base 10, what is -244 + 11499?
11255
In base 15, what is c71 - -100?
d71
In base 2, what is -100 - 101100000101111010?
-101100000101111110
In base 5, what is -131 - -24224?
24043
In base 13, what is -2 - -3343?
3341
In base 9, what is 16658 + 4?
16663
In base 14, what is -3a691 - 2?
-3a693
In base 16, what is 1fdc7 - -2?
1fdc9
In base 2, what is 11000110001001011 - 100?
11000110001000111
In base 2, what is -101 - 1001101101010111?
-1001101101011100
In base 10, what is -2 + 23933?
23931
In base 8, what is 5 - 4572?
-4565
In base 3, what is -10111121 + -10021?
-10121212
In base 7, what is -51210 - 241?
-51451
In base 5, what is -40033010 + 4?
-40033001
In base 15, what is 51 - 6d2?
-681
In base 6, what is 41221 + -4?
41213
In base 7, what is 324 + 2000?
2324
In base 6, what is 550 - -34300?
35250
In base 7, what is -3450 - 126?
-3606
In base 3, what is -1011122 + 21200?
-212222
In base 10, what is 32 - -206?
238
In base 2, what is 11101001110 + -1100?
11101000010
In base 15, what is -2cd + 3dc?
10e
In base 3, what is 12 + -11002222?
-11002210
In bas